t u(s) = -5*s - 10. What is the units digit of u(-10)?
0
Let y(n) = 126*n**2 + n - 1. What is the units digit of y(1)?
6
Suppose -4 - 6 = -5*n. Let z be -2*(8 + (n - 4)). What is the units digit of (-75)/10*z/10?
9
Let n(t) = 7*t**2 - 2*t - 1. Let v be n(3). Suppose -5*l - 3*d = -v, 0 = -2*l - 2*l + d + 38. What is the units digit of l?
0
Let b be -3*(-3 + (-26)/(-6)). What is the units digit of ((-1 - b) + -12)*-2?
8
Let w = 3 - -10. Let a = -17 - -16. Let f = w + a. What is the units digit of f?
2
What is the units digit of (1 - 4) + 73/(-2)*-2?
0
Suppose 64 = -6*o + 4*o. Let n = 3 - o. What is the units digit of n?
5
Suppose -2*a = a - 120. What is the tens digit of a?
4
Let i(x) = x. Let l(c) = -2*c - 1. Let k be l(2). Let n be i(k). Let h(t) = t**3 + 5*t**2 + 2. What is the units digit of h(n)?
2
Suppose -4*c - 7 = u, -3*u - 3*c = -0*u - 6. Suppose -2*k = -u*l - 9, -5*k + 0*k - 2*l = -66. What is the units digit of k?
2
Let z = 34 - 19. What is the tens digit of z?
1
Let q(l) = l**3 + l**2 + l + 1. Let p(o) = 6*o**3 + 10*o**2 + 10*o + 7. Let d(x) = p(x) - 5*q(x). What is the units digit of d(-3)?
5
Let d be 3 - ((-2 - 1) + -12). Suppose 0 = -5*p - u + 2*u + d, -4*p = -u - 15. What is the units digit of p?
3
Suppose -a + 92 = -44. What is the units digit of a?
6
Let j(u) = 6*u**2 + 14*u + 12. Let q(r) = -r**2 - r. Let v(z) = j(z) + 5*q(z). Suppose -2*w = 2*b + 10, 3*w + 10 = 5*b - 29. What is the units digit of v(w)?
4
Let o = 23 - 15. Let w = 20 + o. What is the tens digit of w?
2
Suppose 5*n - 189 = 4*w, 3*n + 4*w - 98 = n. What is the tens digit of n?
4
Suppose 0 = 3*n - 15, 0*t + 4*n - 27 = t. Let l be (-2)/(96/(-45) + 2). Let z = l + t. What is the units digit of z?
8
Let d(a) = 2*a**2 + a. Let t(n) = -n - 6. Let o be t(0). Let w(j) = -j - 5. Let y be w(o). What is the units digit of d(y)?
3
Let f = 9 + -7. What is the units digit of (42/9)/(f/15)?
5
Suppose -3*k + 2*n = -86, 4*n - 5*n = -k + 29. Suppose -52 = -3*i + q, -2*i + k = i + 5*q. What is the tens digit of i?
1
Let r(a) = -a**2 + 4*a + 7. Let k be r(5). Suppose -5*c = 5*l - 30, c - 2*c + k*l + 21 = 0. What is the units digit of c?
1
Suppose 0 = c + 3*c - 8. Suppose -c*r = -r - 11. What is the tens digit of r?
1
Let a be -2 + 5 - (-6)/2. Let y = 8 - 4. Suppose 30 = y*u - a. What is the units digit of u?
9
Suppose 2*y - 103 - 43 = 0. What is the tens digit of y?
7
Let t(y) = 5*y**3 - 1. Let q(b) = -b**3 + 6*b**2 + 1. Let v be q(6). Let d be t(v). Let u = d - 1. What is the units digit of u?
3
Let b = 101 + -18. What is the units digit of b?
3
Suppose 0*h - 2*b = 3*h - 12, 4*b = 0. Let m(w) = -w**2 + 9*w - 5. What is the units digit of m(h)?
5
Let s = 16 - 12. Suppose 1 = b - o + s, -4*b - 4*o = -28. What is the units digit of b?
2
Let h = -6 + 6. Suppose 5*n - 14 = -3*m, -2*m + h*m = 2*n - 16. What is the tens digit of m?
1
Let u(n) = -2*n**2 + 12*n - 3. Let x(f) = f + 1. Let d(g) = -u(g) + 4*x(g). What is the tens digit of d(5)?
1
Let m = 5 - 1. Suppose 2*l - u - 3 = -m*u, 2*l - 7 = u. What is the units digit of l?
3
Suppose 0 = 3*a + 2*g - 254 + 76, 4*g = -4*a + 244. What is the tens digit of a?
5
Let t = 3 - -1. Let a = t - -9. What is the units digit of a?
3
Let j(h) = -2 + 12*h - 6*h - 2 + 5*h - h**2. Let g be j(5). What is the tens digit of (g + -4)*(-2)/(-4)?
1
Suppose 4*b - 5*i + 2*i - 138 = 0, 5*b = -3*i + 186. Suppose -b = 5*j - 8*j. What is the tens digit of j?
1
Suppose k - 348 = -3*k. What is the units digit of k?
7
Let v(p) = p - 11. Let s be v(8). Let g(c) = c**2 + c - 3. Let j be g(s). Suppose 6*d - j*d = 5*f + 20, -f = 5*d - 52. What is the units digit of d?
0
Suppose 3*v = 7*v - 16. Suppose z + 20 = 6*z, -v*i = -5*z + 12. Suppose i*s = -s + 12. What is the units digit of s?
4
Let p be 1 - (0 - (2 + 0)). Suppose 2*k = -4*c + 8*c - 44, -3*c = -p*k - 27. What is the units digit of c?
3
Let b = 3 + 0. Suppose -b*m + 1 = -14. Let k = m - 0. What is the units digit of k?
5
Suppose -3*i = -4*q - 9, -3*i - 3*q = -0*i - 9. Suppose i*c = c + 42. What is the tens digit of c?
2
Let j(c) = -2*c - 8. What is the units digit of j(-10)?
2
Suppose -16*o - 234 = -19*o. What is the tens digit of o?
7
Suppose -k + 4*w + 90 = -20, -229 = -2*k + 5*w. What is the tens digit of k?
2
What is the tens digit of (6 + -4)*87/2?
8
Suppose 216 = -2*d + 3*d. Suppose 4*y = 5*y, 4*x + 4*y - d = 0. What is the units digit of x?
4
Let a be 4/6*(-12)/(-1). Suppose c + 0*c = a. What is the units digit of c?
8
Let u be (3 - -1) + (-6 - -5). Suppose -u*i = -5*i. Suppose i = -3*q - q + 20. What is the units digit of q?
5
Let h(i) = i**3 + i**2 - 2*i. Let f be h(2). Let j = 8 - f. Suppose j*x + x + 6 = 2*s, 3*s - 3*x - 6 = 0. What is the units digit of s?
4
Suppose 0 = 4*m + 3*f - 10, 0 = -4*m + m + 2*f + 16. Suppose p + 21 = m*p. What is the units digit of p?
7
Suppose -2*r + 15 = 3*r. Let i be (-6)/(-21) - (-220)/14. Suppose -2*k - 4*b = 2*k - i, -r*b - 20 = -k. What is the units digit of k?
8
Let j = -12 - -15. Suppose 5*z + 2*l - 207 = 0, 0 = -5*z + j*z - l + 83. What is the units digit of z?
1
Let s = 37 + 35. Suppose 0 = -5*h + 3*h + s. Let q = h - 23. What is the units digit of q?
3
Let r(l) = l**3 + l**2 + l - 1. Suppose 3 = -3*w + 6*w. Let c be r(w). Suppose -16 = -c*b - 2*b. What is the units digit of b?
4
Let j(p) = -p**3 + 4*p**2 + 4*p - 3. Let d be j(5). What is the units digit of 76/10 + d/(-20)?
8
Let v be (-2 - -12) + (-2 - -1). Suppose -6 = -5*t + 2*a + v, -15 = -5*t - 3*a. What is the units digit of t/1 - (-45)/5?
2
Let g(n) = n**2 + 2*n - 5. Let c be g(-4). Suppose -c*a + 43 = 7. What is the units digit of a?
2
Let o(l) = 2*l**2 - 13*l + 21. What is the tens digit of o(10)?
9
Let c be (-6)/(-12) - 26/4. Let w(f) = 3*f + 3. Let y be w(5). What is the tens digit of (y/5)/(c/(-20))?
1
Suppose 0 = -2*q - 3*f + 125, 3*f + 3 = -0. What is the units digit of q?
4
Let o(x) = -14*x - 4. Let c(r) = 15*r + 5. Let q(d) = -5*c(d) - 6*o(d). What is the units digit of q(1)?
8
What is the tens digit of 1/8*-2 - 1490/(-8)?
8
Let w(i) = -2*i + 11. Let x be w(9). Let d(u) = u + 14. What is the units digit of d(x)?
7
Suppose -y + 43 = -3*d - 13, y - 4*d = 59. What is the units digit of y?
7
Let r(h) = -3*h - 9. What is the units digit of r(-8)?
5
Let h(l) = -l**2 - 6*l + 6. Suppose -4*u + 25 = -9*u. What is the units digit of h(u)?
1
Let s be 15*((-3)/(-9) - 0). Suppose 3 = -q + x, q = s*x - 24 + 5. Let h = q + 4. What is the units digit of h?
5
Suppose -6*q + 4*w = -4*q - 70, 5*q = 5*w + 185. What is the units digit of q?
9
Let z be -3*1/(-1) - 4. Let u(q) = 4*q**2 + q + 1. Let f be u(z). Suppose 5*h - 55 = 3*c - 2*c, 5*h = -f*c + 80. What is the tens digit of h?
1
Let n(f) = f**3 + 10*f**2 - f - 3. What is the units digit of n(-10)?
7
What is the tens digit of 115/(-5)*(-3 - -2)?
2
Let f be (-18 - 0)/((-15)/10). What is the units digit of (f/10)/(9/330)?
4
Suppose -2*a = -a - 5. Suppose -3*c + 4 = -5*u, 0 - 24 = -a*c + 4*u. What is the units digit of c?
8
Let r be -5*(0 + 1) - 1. Let i = 4 + r. What is the units digit of 6/10 + i/(-5)?
1
Let l be 3/5 + 17/5. Suppose -l*n + 0*w + 2*w = -132, -3*w + 112 = 4*n. What is the tens digit of n?
3
Let h(c) = 15*c**3 - 3*c**2 - 6*c + 1. What is the units digit of h(3)?
1
Suppose -1 = -5*n + 259. What is the tens digit of n?
5
Let z(f) = -f**3 - f**2 - 2*f + 241. What is the hundreds digit of z(0)?
2
Let f(u) = 2*u - 21. Let r = 1 - -10. What is the units digit of f(r)?
1
Let i be (2/(-4))/((-4)/40). Let f(o) = o**2 - 4*o - 1. Let v be f(i). Suppose -5*t = -6 - v. What is the units digit of t?
2
Suppose 0 = 2*i - i + 4*y - 26, -i - 3*y = -28. What is the tens digit of i?
3
Let a(x) = 10*x. Let v be a(2). Suppose 0 = -0*n + 2*n - v. What is the units digit of 2/10 - (-28)/n?
3
Let r = 27 + 38. What is the units digit of r?
5
Suppose 2*x = 1 - 5. What is the units digit of x/(-6) + 34/6?
6
Suppose t + 33 = 3*l, 0 = 5*l - t - 40 - 15. What is the tens digit of l?
1
Let b = -235 - -445. What is the tens digit of b?
1
Let c be 3 - (-2)/(-6)*3. What is the units digit of (c/(-4))/((-2)/16)?
4
Let j(i) = -2*i + 1. Let m be j(-5). Let h = m - 6. What is the units digit of h?
5
Let q be (10/6)/(5/15). Suppose -q*p + 5 = -0*p. What is the units digit of p?
1
Suppose